-25*c + 1305 + 270 = 0. Let o = c - k. List the prime factors of o.
3
Suppose 2*h - 3651 = -1109. What are the prime factors of h?
31, 41
Let q be ((-28)/(-8) + -2)/(5/10). Suppose 0 = q*h - 3*r - 102, 0 = -2*h + 4*r - 3*r + 63. List the prime factors of h.
29
Let g(i) = -5*i**2 - 17*i - 14. Let t(u) = 6*u**2 + 16*u + 14. Let q(m) = -4*g(m) - 3*t(m). List the prime factors of q(-15).
2, 41
Let m = 5 + -3. Suppose 4*p + 3*o = -51, -m*p - 17 - 12 = 5*o. Let l(h) = -h - 3. What are the prime factors of l(p)?
3
What are the prime factors of (-8 + -6 + 18)*(-718)/(-2)?
2, 359
Let m(h) = h - 3*h - 4*h - 3*h. Let t be m(-6). Suppose -5*r - t = -169. What are the prime factors of r?
23
Let t be (-1)/(-1 + 2 - 2). List the prime factors of 4/((116/62)/(-2) + t).
2, 31
Let n = 7 - -6. Suppose -4*d - n = -3*q, -8*q - 4*d + 11 = -3*q. Suppose -31 = -u - 2*l, -q*u + 121 = -2*l + l. What are the prime factors of u?
3, 13
Suppose 4*g - 755 = 845. Suppose -r + g = 4*r. What are the prime factors of r?
2, 5
Suppose 0 = -80*f + 74*f + 30. Suppose -3*n + 340 = 4*c - 6*c, -f*c - 444 = -4*n. What are the prime factors of n?
2, 29
Let a(m) = -9*m**3 - 9*m**2 - m - 9. List the prime factors of a(-6).
3, 7, 11
Let m(z) = -z**3 - z**2 - 4*z - 3. Suppose -8 = 2*o + 2*j, 3*j - 5*j = -o + 2. Let x be m(o). Suppose x = 5*d - 11. What are the prime factors of d?
2
Suppose t - 3*m = 1367 + 1519, 5*t + 3*m - 14412 = 0. What are the prime factors of t?
3, 31
Suppose 3*t = -1 + 7. Suppose -4*p - 2*r + 5*r = -301, t*p = -r + 163. What are the prime factors of p?
79
Let h = -95 + 137. Suppose -b + 3*z = -h - 43, -2*b - 3*z = -206. What are the prime factors of b?
97
Let a be 22 - 4/(0 + -2). Suppose 6*h = -25 + 13. List the prime factors of (-3 - h)*1 + a.
23
Let i(h) be the first derivative of 2*h**3/3 + h**2/2 - h - 4. List the prime factors of i(-9).
2, 19
Suppose -68*k + 35464 = -37*k. List the prime factors of k.
2, 11, 13
Let b(q) = -32*q - 1. Let v = 0 + -28. Let o = v + 27. List the prime factors of b(o).
31
Let h be 2/7 - 74/14. Let y(d) = 3*d**2 - d + 3. List the prime factors of y(h).
83
Suppose -2*u = -2 - 6, 0 = -3*d - 2*u + 8330. What are the prime factors of d?
2, 19, 73
Let x = -37 - -40. What are the prime factors of (-1)/x*(-55 - -7)?
2
Let i be 10*3*464/40. Suppose -3*m = m - i. Suppose 17 = 4*u - m. What are the prime factors of u?
2, 13
Let j = -74 + 112. Suppose -2*m + 29 = g, 2*g + 0*g - m - j = 0. List the prime factors of g.
3, 7
Let a(q) be the second derivative of 173*q**3/6 + 5*q**2/2 - 3*q. What are the prime factors of a(1)?
2, 89
Let t(j) = -j**3 - 5*j**2 - 4*j + 4. Let v be t(-4). Suppose 36 = 2*q + v*q. Let y(d) = 2*d**2 - 7*d + 1. List the prime factors of y(q).
31
Let k(p) = p**3 + 13*p**2 - 15*p + 18. List the prime factors of k(-12).
2, 3, 19
Suppose -11 + 29 = 3*g. Suppose -273 = -5*s - t, -10*s + 231 = -g*s + 5*t. What are the prime factors of s?
2, 3
Suppose 4*s + 5*l + 100 = 0, -7*s - 3*l - 92 = -3*s. Let p(h) = h**2 + 8*h - 71. What are the prime factors of p(s)?
13
Suppose -20*b - 19972 = -87552. List the prime factors of b.
31, 109
Suppose -16*c + 12*c + 124 = 0. Suppose 3*y - 5 = c. List the prime factors of y.
2, 3
List the prime factors of 5164 - -1*4*8/32.
5, 1033
Suppose -5*q = -3*q - 6, 5*j - 33 = -q. Suppose -j*k + 15 = -k. Suppose -k*c + 46 = -c. List the prime factors of c.
23
Let w = 2442 + -27. What are the prime factors of w?
3, 5, 7, 23
Suppose 4*i + 8*l - 4004 = 7*l, 0 = i - 4*l - 1001. What are the prime factors of i?
7, 11, 13
Let q = 1295 - -309. List the prime factors of q.
2, 401
Suppose 0 = 5*l - 13*l + 5248. What are the prime factors of l?
2, 41
Let v(x) = -x**3 + 3*x**2 + 2*x + 1. Let y = -13 - -11. What are the prime factors of v(y)?
17
Suppose -4*r + 2 = 82. What are the prime factors of 63*1 - 60/r?
2, 3, 11
Suppose 8*a - 2288 = 48. List the prime factors of a.
2, 73
What are the prime factors of 13748/(-21)*63/(-28)?
3, 491
Let j = 3 - -1. Suppose r = -j*r. Suppose 5*h = 2*k - 5*k + 62, -h + 4*k - 6 = r. What are the prime factors of h?
2, 5
Let y(z) = -z**3 - 2*z**2 + 4*z. Let r be y(-3). What are the prime factors of 139 + r + 0/(-2)?
2, 17
Suppose 0 = -31*p + 8*p + 7820. What are the prime factors of p?
2, 5, 17
Let b(v) be the third derivative of -v**4/12 + 2*v**3 + 6*v**2. Let m be b(6). Suppose -3*z + 30 = -m*z. List the prime factors of z.
2, 5
Let t be 8/32 - (-1)/(-4). Suppose 5*l - l - 20 = t. Suppose 6*k = 2*f + 2*k - 34, l*f - 3*k = 92. List the prime factors of f.
19
Suppose 4*h = 29 - 9, -2*h = -3*c - 1. What are the prime factors of 20*1 - c/(-1 + 4)?
19
Suppose -4*x + 16 = 4. Suppose 294 = 4*i - 5*u, 0 = -5*i + x*u - 52 + 413. List the prime factors of i.
71
Let q(a) = a**3 - 14*a**2 + 9*a + 1. Let m be q(11). Let v = m + 374. List the prime factors of v.
3, 37
Suppose 2*s - 4*s - 3*a + 106 = 0, -2*s + 2*a + 96 = 0. What are the prime factors of s?
2, 5
Let n = 103 - 90. Let t = 22 - n. List the prime factors of t.
3
Let w(h) = 6*h**2 - 10*h - 87. List the prime factors of w(-16).
1609
Suppose -4*r - 188 = -1052. Suppose -3*k + 3*v + r = 0, k = -2*v - 0*v + 66. Suppose 6*m + 5*j - 100 = m, k = 3*m + 5*j. What are the prime factors of m?
3, 5
Let g(f) = 0 - 3 - f + 0. Let v be g(-9). Suppose 4*x + 28 = v*x. List the prime factors of x.
2, 7
Suppose -m + 2481 = 5*t - 254, -3*m = -3*t + 1623. What are the prime factors of t?
2, 3, 7, 13
Let d(u) = -3*u + 8. Let w be d(9). Let g = -17 - w. List the prime factors of 70/(-20)*g*-3.
3, 7
Suppose -4*m + 0*m + 10 = 2*o, 0 = 5*o + 3*m - 25. Suppose 0 = 2*a - 6*a - o*k + 9, -5*a + 4*k = -42. List the prime factors of a.
2, 3
Let l = -62 - -69. Suppose 0 = -10*r + l*r + 168. What are the prime factors of r?
2, 7
Let h(a) = -230*a - 231. List the prime factors of h(-5).
919
Let z = 66 - 51. What are the prime factors of z?
3, 5
Suppose -3*d + 9 = 3*l, -7*l + 2*l = -3*d - 55. List the prime factors of (-1415)/(-45) + l/(-18).
31
Let k(s) = -s - 6. Let y be k(0). List the prime factors of (-4)/(-24)*-1 + (-427)/y.
71
Suppose 39*y - 2335 = 34*y. What are the prime factors of y?
467
Suppose 5599 = -15*v + 26*v. What are the prime factors of v?
509
Suppose 0*o = -2*o + 1152. Suppose 234 = 2*k - 2*v, -o = -5*k - 8*v + 4*v. List the prime factors of k.
2, 29
Suppose 5*v = 18 - 3. Suppose 4*k = h + 369, -2*k + v*h + 29 = -148. What are the prime factors of k?
3, 31
Let m = -22 + 25. Suppose 0 = 10*v - 7*v - m. List the prime factors of (27/(-36))/(v/(-36)).
3
Suppose 0 = -2*o + t + 725, 5*t = 3*o + 2*t - 1095. Suppose p - 59 = -0*p + 3*g, 0 = -5*p + 2*g + o. What are the prime factors of p?
2, 37
What are the prime factors of ((-45)/(-6) - 8)*(-3096)/2?
2, 3, 43
Let g be (-22)/(4/((-2 + 4)*-1)). Let v(x) = x**3 - 11*x**2 + 2*x + 14. What are the prime factors of v(g)?
2, 3
Suppose 9*b - 9400 = b. Suppose -4*s + 2*m + 1174 = -0*m, m = 4*s - b. What are the prime factors of s?
2, 3, 7
Suppose 36*p + 72 = 39*p. Let d = 133 - p. List the prime factors of d.
109
What are the prime factors of 9*3694/12*(-4)/(-6)?
1847
Suppose 40*s + 5*i = 43*s - 48, 0 = s - 3*i - 16. Let m = -2 - -5. Suppose -m*u + u = -s. List the prime factors of u.
2
Suppose 14*d = -10*d + 8*d. Let i(f) = 28 - f + 3*f**2 - 2*f**2 + 2*f. What are the prime factors of i(d)?
2, 7
Suppose -7782 = -4*m + 2*q, -6*m - 9755 = -11*m - 3*q. What are the prime factors of m?
2, 487
Suppose 0 = -321*v + 316*v + 6340. What are the prime factors of v?
2, 317
Suppose -5*c - 5*q + 7197 = -22093, -4*c + 23436 = 2*q. What are the prime factors of c?
2, 5, 293
Suppose -620 + 8122 = 11*s. What are the prime factors of s?
2, 11, 31
What are the prime factors of (0 - 11/22)*-7586?
3793
Let j(v) = -37*v + 434. List the prime factors of j(-32).
2, 809
What are the prime factors of 4/1*(-3 + (-9030)/(-56))?
3, 211
What are the prime factors of -4 + (1631 - 8) + 20/4?
2, 7, 29
Let p(t) be the third derivative of -t**6/120 + 2*t**5/15 + 7*t**4/24 - t**3 + 11*t**2. List the prime factors of p(7).
2, 23
Suppose 6*o = g + 3*o - 311, 3*o - 613 = -2*g. What are the prime factors of g?
2, 7, 11
Suppose -6842 - 790 = -9*r. What are the prime factors of r?
2, 53
Let y = 12 - -35. Suppose 7 = -8*z + y. What are the prime factors of